the highest common divisor of 10 and 58.
2
Calculate the greatest common divisor of 4608 and 60.
12
Calculate the greatest common factor of 24 and 1200.
24
What is the highest common divisor of 4 and 424?
4
What is the greatest common divisor of 28 and 427?
7
What is the highest common factor of 1292 and 2108?
68
What is the greatest common divisor of 9802 and 29?
29
What is the greatest common factor of 142 and 2?
2
What is the greatest common divisor of 51 and 289?
17
What is the highest common divisor of 56 and 266?
14
What is the highest common factor of 6509 and 23?
23
Calculate the greatest common factor of 253 and 143.
11
What is the greatest common factor of 518 and 35?
7
Calculate the greatest common factor of 44 and 6.
2
Calculate the greatest common divisor of 18 and 6552.
18
Calculate the greatest common divisor of 9 and 49311.
9
What is the greatest common factor of 8 and 5488?
8
Calculate the highest common divisor of 12 and 100.
4
What is the greatest common factor of 2193 and 408?
51
Calculate the greatest common factor of 5 and 150.
5
What is the greatest common divisor of 95 and 608?
19
What is the greatest common factor of 8790 and 5?
5
Calculate the greatest common divisor of 18 and 18072.
18
Calculate the highest common divisor of 215 and 559.
43
What is the highest common divisor of 9 and 23?
1
Calculate the highest common divisor of 2366 and 1456.
182
What is the greatest common factor of 420 and 24?
12
Calculate the highest common divisor of 1261 and 13.
13
Calculate the greatest common divisor of 8 and 24.
8
Calculate the highest common factor of 95 and 30685.
95
What is the greatest common factor of 12 and 1164?
12
Calculate the highest common factor of 2533 and 34.
17
Calculate the greatest common factor of 10654 and 42.
14
What is the highest common divisor of 4539 and 51?
51
Calculate the highest common divisor of 27 and 99.
9
What is the highest common factor of 144 and 99?
9
Calculate the greatest common divisor of 28 and 8.
4
Calculate the highest common factor of 1992 and 24.
24
Calculate the greatest common divisor of 86 and 989.
43
Calculate the highest common factor of 6 and 6.
6
What is the greatest common divisor of 36 and 342?
18
Calculate the greatest common divisor of 128 and 48.
16
What is the highest common factor of 6 and 213?
3
What is the highest common divisor of 84 and 105?
21
What is the highest common factor of 1964 and 36?
4
Calculate the highest common factor of 777 and 231.
21
Calculate the greatest common factor of 38 and 190.
38
What is the highest common factor of 4277 and 2002?
91
What is the highest common factor of 5880 and 240?
120
What is the greatest common divisor of 31 and 3?
1
Calculate the highest common factor of 138 and 6.
6
What is the greatest common divisor of 1110 and 120?
30
What is the greatest common divisor of 52 and 36530?
26
What is the greatest common divisor of 7532 and 28?
28
Calculate the greatest common factor of 196 and 3332.
196
What is the greatest common divisor of 1089 and 5203?
121
What is the greatest common divisor of 93 and 4?
1
Calculate the highest common factor of 236 and 84.
4
Calculate the highest common factor of 7803 and 54.
27
What is the greatest common divisor of 818 and 24?
2
Calculate the greatest common divisor of 1374 and 6.
6
Calculate the greatest common factor of 61 and 1525.
61
Calculate the highest common divisor of 81 and 327.
3
Calculate the highest common factor of 14 and 14.
14
What is the greatest common factor of 52 and 8?
4
What is the greatest common divisor of 56 and 126?
14
What is the greatest common factor of 42 and 14?
14
Calculate the highest common factor of 30 and 1290.
30
What is the greatest common factor of 19 and 1273?
19
Calculate the greatest common factor of 9247 and 7.
7
What is the highest common factor of 17 and 697?
17
Calculate the greatest common divisor of 1308 and 9483.
327
Calculate the highest common divisor of 35 and 395.
5
Calculate the greatest common factor of 24 and 8010.
6
What is the greatest common factor of 2336 and 32?
32
What is the greatest common factor of 26564 and 116?
116
Calculate the highest common factor of 22 and 9394.
22
Calculate the greatest common divisor of 96 and 132.
12
What is the greatest common divisor of 24 and 248?
8
What is the greatest common factor of 1232 and 22?
22
What is the highest common divisor of 156 and 12?
12
What is the greatest common divisor of 47 and 4?
1
Calculate the greatest common factor of 33 and 57453.
33
What is the highest common divisor of 16 and 392?
8
Calculate the highest common factor of 2065 and 531.
59
Calculate the highest common divisor of 125 and 850.
25
What is the highest common factor of 175 and 35?
35
Calculate the highest common factor of 469 and 1072.
67
What is the highest common divisor of 4170 and 30?
30
Calculate the greatest common divisor of 8 and 392.
8
Calculate the highest common factor of 60 and 15860.
20
What is the greatest common divisor of 26 and 2249?
13
Calculate the highest common factor of 375 and 615.
15
Calculate the highest common divisor of 69 and 9.
3
What is the highest common factor of 36 and 90?
18
What is the greatest common divisor of 602 and 430?
86
What is the greatest common factor of 24 and 312?
24
Calculate the greatest common divisor of 651 and 21.
21
Calculate the greatest common divisor of 3 and 192.
3
Calculate the greatest common divisor of 825 and 330.
165
What is the highest common factor of 19 and 247?
19
Calculate the greatest common factor of 220 and 60.
20
What is the highest common factor of 45 and 3765?
15
Calculate the greatest common divisor of 44 and 688.
4
Calculate the highest common factor of 225 and 325.
25
Calculate the greatest common divisor of 9 and 747.
9
What is the greatest common divisor of 666 and 72?
18
What is the highest common divisor of 10428 and 11?
11
Calculate the highest common divisor of 420 and 15.
15
Calculate the greatest common factor of 34 and 1513.
17
What is the highest common divisor of 41 and 7?
1
Calculate the greatest common divisor of 14 and 434.
14
Calculate the greatest common factor of 238 and 34.
34
What is the greatest common factor of 236 and 1062?
118
What is the highest common factor of 136 and 1649?
17
What is the greatest common divisor of 52 and 2116?
4
Calculate the greatest common factor of 780 and 30.
30
Calculate the highest common factor of 25 and 21275.
25
What is the greatest common factor of 245 and 1666?
49
What is the greatest common divisor of 166 and 747?
83
What is the greatest common divisor of 4009 and 152?
19
Calculate the highest common divisor of 390 and 120.
30
What is the greatest common factor of 25 and 50?
25
Calculate the greatest common factor of 1675 and 3082.
67
Calculate the greatest common divisor of 8 and 956.
4
What is the greatest common factor of 88760 and 14?
14
Calculate the greatest common divisor of 118 and 10148.
118
What is the greatest common factor of 2607 and 11?
11
What is the highest common divisor of 84 and 147?
21
What is the highest common divisor of 180 and 48?
12
What is the greatest common divisor of 147 and 105?
21
Calculate the highest common divisor of 4862 and 68.
34
What is the greatest common divisor of 891 and 88?
11
Calculate the greatest common factor of 740 and 160.
20
Calculate the highest common factor of 4 and 556.
4
Calculate the highest common divisor of 496 and 31.
31
Calculate the greatest common divisor of 160 and 3904.
32
Calculate the highest common divisor of 6 and 426.
6
Calculate the highest common factor of 240 and 2460.
60
Calculate the greatest common divisor of 33 and 231.
33
What is the greatest common divisor of 444 and 48?
12
What is the greatest common factor of 1404 and 72?
36
What is the highest common factor of 24 and 136?
8
Calculate the greatest common divisor of 64 and 6368.
32
Calculate the greatest common factor of 94067 and 109.
109
Calculate the highest common divisor of 46 and 1426.
46
What is the highest common divisor of 3830 and 30?
10
What is the highest common divisor of 13 and 1469?
13
What is the highest common factor of 2788 and 1088?
68
What is the highest common factor of 8 and 34?
2
Calculate the greatest common divisor of 150 and 5